
2
What is the value of -6 - (2 - 1 - (-1 + 6))?
-2
Calculate (-6 - -10) + -1 + -10.
-7
Calculate -9 + (-4 - -5 - -3) + -2.
-7
What is the value of 6 + -1 + (2 - 1 - 11)?
-5
What is the value of 4 + -3 - (-1 + (2 - 3))?
3
Calculate 5 - (0 + -2 + -1) - 3.
5
Calculate (-32 - -32) + (4 - (11 - 1)).
-6
Calculate -3 + -4 + 3 - -8.
4
Calculate -6 + 5 + -8 - -5.
-4
Evaluate 3 - (-3 - -3) - (25 + -27).
5
-6 + (11 - 1 - 7)
-3
Evaluate -3 - (6 + 0 - (11 + -6)).
-4
What is the value of (23 - 25 - (1 + 3)) + -1?
-7
What is the value of 1 + (-6 - (-7 - 3) - 0)?
5
0 + 1 + 1 + 1
3
Calculate -16 + 2 + -9 + 15.
-8
Evaluate 7 - (4 - -4 - 6).
5
What is 0 + -3 - (-3 + 3)?
-3
1 - (-3 + -4) - (2 + 2)
4
Calculate -4 + (11 + (-3 - -2) - 1).
5
9 - (-2 - (-9 - -1))
3
What is -13 - (-11 - -1 - -3)?
-6
Evaluate 5 - -4 - 13 - (-6 + 1).
1
(15 - 9 - 14) + 4
-4
What is the value of (-16 - -12) + 1 + -1 + 1?
-3
What is -2 + (5 - (-2 + 4) - -3)?
4
-1 + 1 - (-1 - -10 - 4)
-5
What is -13 + 3 - (38 - 46)?
-2
What is the value of 1 - 1 - (-4 + 7)?
-3
What is 0 - -4 - -1 - 9 - -5?
1
Calculate -7 + (-8 - -15) - 7.
-7
-1 - ((5 - 3) + -3 - -2)
-2
Evaluate 3 + (3 - (5 + (-5 - -3))).
3
What is (12 - (32 - 7)) + 23?
10
Evaluate 9 + 1 + 3 + -6.
7
What is the value of -10 + 3 + 9 - (-3 - 1)?
6
5 + -4 + (3 - -1) + -1
4
-2 - -3 - -1 - (-1 - -5)
-2
(1 - 2 - -8) + -6 + 1
2
Calculate 17 + -17 - (0 + (1 - -1)).
-2
What is -11 + 6 + (5 - 3) + -2?
-5
Calculate (5 - -1) + 45 + -49.
2
9 - (3 + (8 + -15 - -10))
3
Evaluate -3 - 1 - (4 + 0 + -4).
-4
Calculate (-2 - (-7 - -6)) + 3.
2
What is the value of (11 - 20) + 1 + 2?
-6
1 - (-5 + 8) - 2
-4
What is the value of -3 + 3 + (-1 - (-4 + 6))?
-3
Evaluate 2 + 3 + (0 - 4).
1
Calculate 4 + 2 + -10 + 2.
-2
What is the value of 11 - 18 - (-7 + 2) - -4?
2
1 - 0 - (4 - 6)
3
Calculate 7 + -7 - (4 + -5).
1
(-8 - -5) + 0 + 1
-2
17 - 31 - -15 - (0 - 1)
2
-9 + (7 - (8 + -10))
0
What is 7 + 1 + -9 - (-3 + 1)?
1
1 + -3 + -8 + 4 + 9
3
Evaluate (-7 + 6 - (0 - 3)) + 1.
3
What is the value of 8 - 8 - (2 + -3)?
1
What is (-1 - 4 - (9 - 11)) + 3?
0
What is the value of 2 - 5 - (-4 - -7)?
-6
What is the value of 1 + -3 + -6 + 10 - 3?
-1
Evaluate 4 + 3 + -4 + -11 + 6.
-2
Calculate -5 + (8 - (1 + 0)) - -3.
5
What is the value of (4 + 0 - (2 - -1)) + 2?
3
Evaluate (25 - 20) + (-2 - 2).
1
What is the value of 2 + 3 + (-6 + -2 - -4)?
1
(-5 - -9) + (0 - 9) - -9
4
Evaluate -8 - (-3 + -6 + 5).
-4
Evaluate (-5 - (-12 + 7 - -3)) + 5.
2
3 - 2 - (-4 - -6)
-1
What is the value of (9 + -4 + -20 - -5) + 5?
-5
0 + -5 + (-3 - -19) + -12
-1
What is the value of 6 + 0 + -6 + 3?
3
What is 1 + -2 - (9 + -5)?
-5
What is 2 - ((-4 - -1) + 5)?
0
Evaluate 16 + -1 + 29 + -41.
3
Calculate (-9 - -4) + 3 + -2 + 4.
0
What is 7 + (-11 - -5) + 6?
7
Calculate 2 - 6 - ((3 - 0) + -5).
-2
Calculate 2 + 3 + 4 + 2 + -3.
8
What is the value of -10 + 22 + 1 + -18?
-5
What is the value of -7 - (-2 + -5 - (-4 - 3))?
-7
What is the value of (12 - 12) + 3 + 4?
7
Evaluate 0 - 4 - (5 - (2 + 7)).
0
Calculate -2 - (6 + -4 + -5).
1
What is (-13 - (12 + -26)) + (2 - 5)?
-2
Evaluate -19 - -19 - (5 + -4 - 7).
6
Calculate (0 - (4 - 6)) + 1 + -5.
-2
What is -30 + 21 + (3 - (-1 + 0))?
-5
What is 16 + -23 + 2 + 10?
5
What is the value of -7 - (-3 + (-6 - -1 - -4))?
-3
What is -3 + -4 + 1 - (-4 - -5)?
-7
-7 + (-4 - -3) + 3
-5
What is the value of (3 + -2 - 2) + -2?
-3
What is (1 - 3) + 2 + 0 + 0?
0
Evaluate 3 + 11 - (-10 + 9 + 9).
6
-3 - (-2 - 2) - -4
5
What is the value of 6 + (-5 - (0 + -4))?
5
Calculate -7 + 1 + 3 + 2 - -4.
3
Calculate 2 + 7 + (-7 + 4 - 1).
5
What is -4 + 1 + 1 - -5?
3
What is the value of 18 - (-8 - -21 - 5)?
10
-5 + 9 + -2 + -6
-4
Calculate 0 + (3 - (2 - 0)).
1
(-6 + -4 - -3) + (1 - -2)
-4
Calculate 6 - (17 + (2 - 4) - 7).
-2
Calculate (-1 - (4 + 2)) + 3.
-4
-2 - (1 - (0 + -2))
-5
-3 - -3 - ((1 - 0) + -3)
2
Evaluate (3 - -1) + (-15 - -14) + 0.
3
-6 - ((1 - -3) + -5)
-5
(-18 - -33) + -10 - (-1 - -12)
-6
Evaluate 7 + 4 - 7 - 7.
-3
Evaluate -5 + -7 + 7 - -3.
-2
What is the value of 2 - (5 - (7 - 6))?
-2
4 - (7 - (6 - 2)) - 1
0
What is (-1 + -1 - (-18 + 18)) + 0?
-2
Evaluate (8 - 9) + -1 + -1.
-3
What is 13 - 1 - (34 - 27)?
5
What is the value of 7 - 2 - (3 + 1)?
1
Calculate -1 + -4 - (-4 - -4).
-5
What is 3 - (1 + 1 + (-2 - 2))?
5
What is the value of 0 + -2 + 6 + 7 + -6?
5
Evaluate 10 + (-4 + 1 - 2).
5
What is 4 - (4 + -4 - 0) - -1?
5
What is the value of -3 + (2 - (-3 + 0 - 1))?
3
What is 10 - ((2 + -5 - -3) + 4)?
6
Calculate -1 - (0 + (-3 - -1)).
1
What is the value of (5 - -5) + -12 - -9?
7
Evaluate -3 + -1 + -3 + 3.
-4
What is (-4 - -6 - 0) + 2?
4
What is -1 + (7 - (-2 - -4))?
4
What is (0 - (6 + -4)) + (-1 - -1)?
-2
What is the value of 1 + -9 + 5 - -7 - -1?
5
Evaluate -3 + (10 - 4) + 5.
8
What is the value of 4 + 0 + (-17 - -14)?
1
What is 17 + (-8 - 2) - 2?
5
Evaluate 1 + 5 + 0 + -10.
-4
What is the value of 12 - 10 - (4 - 3)?
1
5 - (2 + 1) - 3 - -3
2
What is the value of 29 + -26 + (-14 - -1 - -3)?
-7
Calculate 4 + 0 - (2 + 2).
0
What is (-1 - 9) + 5 + 0 + 5?
0
(-4 - (14 - 23)) + -5
0
What is the value of (14 - 21) + -1 + 10?
2
What is (2 - 4) + (4 - 0)?
2
What is the value of 1 - (-8 + 19 + -9)?
-1
What is (11 - 2) + -8 + 5?
6
Calculate (0 + 7 - (-7 - -7)) + -3.
4
Evaluate 4 + -3 + 8 + -1.
8
Calculate -9 + 16 + -11 - 1.
-5
Evaluate (1 - 10) + -18 + 26.
-1
What is (-2 - (-3 + 3 + 3)) + 9?
4
Calculate (-4 - -2) + 1 + (1 - 5).
-5
What is -5 + 7 + -1 + 6 + -7?
0
What is 4 + -2 + (-1 - (4 + -4))?
1
(-1 - (-1 - -1)) + -1
-2
Evaluate 2 - (-7 + (-1 - -8)).
2
Calculate -1 + -3 + 2 - (-8 + 2).
4
What is the value of 4 + (-3 - (-3 + 7)) + -1?
-4
Calculate 0 + 7 - 3 - 6 - -3.
1
Calculate -4 + (-6 - -5) + 5.
0
Calculate (-9 - -3) + -3 + 6.
-3
What is -1 + 1 - (15 - 9)?
-6
20 + -20 + -2 + 0 + -1
-3
What is 83 + -88 - (0 + -1)?
-4
What is the value of (-3 + -3 - (-6 - -2)) + -3?
-5
Calculate 5 + -9 - -11 - 4.
3
Evaluate (7 - 1) + (21 - 30).
-3
-6 + 3 - -7 - (-3 + 3)
4
What is the value of 1 - (-1 - (-11 + 7))?
-2
Calculate -3 - (10 - 8 - (9 - -1)).
5
What is 5 + -14 + (-1 - -4)?
-6
What is -6 - -2 - (3 - 2)?
-5
Evaluate (13 - (28 + 4)) + 12.
-7
Evaluate 4 - (5 + -9 - -4).
4
Calculate -19 + 8 + 3 + 11.
3
Calculate 4 + -7 + -13 + 16.
0
Evaluate -19 + 2 - (-47 - -36).
-6
What is -14 + -1 - -7 - -4?
-4
(1 - 6) + 101 + -92
4
2 + (2 + 7 + -6 - 8)
-3
What is the value of (-8 - -2) + (1 - -3)?
-2
Calculate 6 - -2 - (5 - 3 - -2).
4
What is the value of (7 - (10 - 6)) + 3?
6
Calculate (-9 - -1) + -109 + 110.
-7
Evaluate 7 + (3 - 7 - 8).
-5
(4 - (-2 - -2)) + (-146 - -148)
6
-10 - 0 - (-14 - -9)
-5
2 - (-3 - (1 - 3))
3
Evaluate 0 + -3 + (4 - 1) + -1.
-1
Calculate 0 - (7 + -5 + 6 + -7).
-1
What is 3 + (1 - 5 - (-4 + 5))?
-2
Calculate 0 - -2 - (5 + 7 + -14).
4
What is the value of 4 + 1 + -1 - 5?
-1
-16 + 6 - -5 - -8
3
Evaluate 0 - (4 - (0 + 0 + 3)).
-1
Calculate 8 + (-8 - -3 - (-2 + 1)).
4
Evaluate 9 + (7 - 8) - 1.
7
1 + (-10 - (-6 - -2)) - -3
-2
What is -2 + -2 + 6 + 4 + -5?
1
What is the value of (-74 - -65) + 15 + 1?
7
Calculate -1 + -3 + 10 - 2.
4
Evaluate (-20 - -32 - (6 + 1)) + -1.
4
Evaluate (3 - -1) + (-3 + 17 - 11).
7
Evaluate -2 + -1 + -2 + (7 - 5).
-3
Evaluate (0 - -7) + (1 - 5).
3
Evaluate -4 + 2 + -2 - (-4 + 0).
0
What is the value of (6 - -6 - 9) + -1 + 7?
9
Calculate 1 + 1 + (4 - 5) - 4.
-3
Evaluate -8 - -3 - (-14 + 15).
-6
What is -2 + -1 - (-5 + 0 + 3)?
-1
What is the value of -12 + -4 + (0 - -8)?
-8
-3 - 1 - (-2 + 2)
-4
0 + -5 - (18 - 21)
-2
What is 143 - 140 - (2 + -1)?
2
-2 - (3 - -2) - (-32 + 26)
-1
What is the value of -37 + 46 - (-1 - -17)?
-7
(0 - (-1 - (-6 + 2))) + 1
-2
Calculate 2 + -1 + -5 + 5 - -2.
3
What is the value of 1 + -3 + (0 - 6) + 4?
-4
Calculate 5 - -2 - (-2 + 6 + -3).
6
What is the value of -8 + 2 - -2 - -2?
-2
Evaluate -2 + (3 + -4 - -1).
-2
Evaluate (-6 - (-3 - 1)) + -4 + 7.
1
Calculate -19 + -1 + -58 + 70.
-8
-4 + 6 + (-12 - (1 - 5))
-6
Calculate (-2 + 2 - 6) + 4.
-2
Calculate 2 - 11 - (34 + -36) - -3.
-4
What is (1 - (4 + 5)) + 8?
0
Evaluate -10 + 15 + -27 + 14.
-8
What is -4 + (-2 - 1 - -7)?
0
-3 + (7 - 7) + -3
-6
Calculate -2 + -5 + 3 - (-3 + 1).
-2
Evaluate 5 - (7 - (-4 - -2)).
-4
-6 + (11 - (2 - 1))
4
Calculate (0 - -2) + 3 + -5 + 5.
5
0 + -2 + 1 + (3 - 4)
-2
Calculate -3 + -7 + 